{"id":8629,"date":"2021-06-24T12:53:12","date_gmt":"2021-06-24T15:53:12","guid":{"rendered":"https:\/\/geoblog.mkwebb.com.br2\/?page_id=8629"},"modified":"2025-01-08T12:18:36","modified_gmt":"2025-01-08T15:18:36","slug":"plus-codes-como-usar-o-recurso-do-google-maps-que-permite-encontrar-uma-localizacao-precisa-sem-endereco","status":"publish","type":"page","link":"https:\/\/geoambiente.com.br\/blog\/plus-codes-como-usar-o-recurso-do-google-maps-que-permite-encontrar-uma-localizacao-precisa-sem-endereco\/","title":{"rendered":"Plus Codes: tenha localiza\u00e7\u00f5es precisas mesmo sem o endere\u00e7o"},"content":{"rendered":"\r\n<p>Cerca de um quarto da popula\u00e7\u00e3o mundial n\u00e3o possui um <strong>endere\u00e7o oficial<\/strong>. Sem ele, essas pessoas n\u00e3o conseguem fazer compras online e receb\u00ea-las em casa ou at\u00e9 mesmo n\u00e3o s\u00e3o capazes de informar sua localiza\u00e7\u00e3o com precis\u00e3o em situa\u00e7\u00f5es de emerg\u00eancia para receber ajuda dos bombeiros ou de uma ambul\u00e2ncia.<br \/><br \/>Para solucionar esse problema comum, o <strong>Google <\/strong>criou os <strong>Plus Codes<\/strong>. S\u00e3o endere\u00e7os digitais bem simples baseados em coordenadas de latitude e longitude. Por meio deles, \u00e9 poss\u00edvel encontrar qualquer lugar, seja uma resid\u00eancia em um bairro perif\u00e9rico, um com\u00e9rcio em uma rua sem nome ou uma casa em uma zona rural distante.<br \/><br \/>Por meio das <strong><a href=\"https:\/\/conteudo.geoambiente.com.br\/apis-google-maps\">APIs da Plataforma Google Maps<\/a><\/strong>, as empresas que realizam entregas ou servi\u00e7os p\u00fablicos como, bombeiros e pol\u00edcia, podem utilizar os Plus Codes para localizar qualquer usu\u00e1rio e chegar a qualquer localidade.<\/p>\r\n\r\n\r\n\r\n\r\n\r\n<h2 class=\"wp-block-heading\">Plus Codes: como funcionam?<\/h2>\r\n\r\n\r\n\r\n<p>A solu\u00e7\u00e3o de endere\u00e7amento digital de c\u00f3digo aberto gratuita do Google cria um c\u00f3digo alfanum\u00e9rico, geralmente associado a uma cidade. Dessa forma, um <a href=\"https:\/\/maps.google.com\/pluscodes\/\" target=\"_blank\" rel=\"noreferrer noopener\">Plus Code<\/a> \u00e9 um c\u00f3digo simples, que pode estar associado a uma cidade. Por exemplo, o Plus Code do posto de salvamento de uma das praias mais movimentadas do pa\u00eds \u00e9 <strong>2RG7+39, Copacabana, Rio de Janeiro<\/strong>.<br \/><br \/>Esse c\u00f3digo funciona como um endere\u00e7o tradicional, mas sem o nome da rua e do n\u00famero da casa ou pr\u00e9dio. Para obt\u00ea-lo, basta abrir o Google Maps e clicar no ponto azul para que o c\u00f3digo seja informado. Em seguida, voc\u00ea pode compartilh\u00e1-lo com qualquer pessoa, como se fosse um n\u00famero de telefone. Tamb\u00e9m \u00e9 poss\u00edvel descobrir o Plus Code de qualquer lugar ao clicar e segurar em um ponto do <strong>Maps <\/strong>ao colocar um alfinete e, ent\u00e3o, obter o c\u00f3digo daquele local espec\u00edfico.<br \/><br \/>Al\u00e9m de serem gratuitos e \u00fanicos, esses identificadores digitais est\u00e3o dispon\u00edveis offline. Tamb\u00e9m podem ser impressos em cartazes e placas para orientar entregadores ou visitantes<\/p>\r\n\r\n\r\n\r\n<h2 class=\"wp-block-heading\">Um recurso valioso para empresas de delivery e log\u00edstica<\/h2>\r\n\r\n\r\n\r\n<p>Imagine quantas <strong>entregas <\/strong>acabam n\u00e3o sendo realizadas devido a endere\u00e7os incorretos ou imprecisos. Por conta de sua precis\u00e3o, os Plus Codes podem reduzir essas falhas e tamb\u00e9m <a href=\"https:\/\/geoambiente.com.br\/blog\/como-usar-google-maps-para-reduzir-custos-de-frete\/\">diminuir os custos com retrabalhos e deslocamentos desnecess\u00e1rios para localizar <\/a>o consumidor. E, ainda, oferecem uma experi\u00eancia &#8220;sem toque&#8221; e &#8220;sem liga\u00e7\u00e3o&#8221; para os usu\u00e1rios.<br \/><br \/>Os Plus Codes s\u00e3o suportados pelas APIs da plataforma do Google Maps, incluindo<strong> <a href=\"https:\/\/geoambiente.com.br\/blog\/otimize-a-experiencia-do-usuario-no-seu-site-com-places-autocomplete-do-google-maps\/\" target=\"_blank\" rel=\"noreferrer noopener\">Place Autocomplete<\/a><\/strong>, <strong>Place Details<\/strong>, <strong>Directions <\/strong>e <a href=\"https:\/\/geoambiente.com.br\/blog\/api-address-validation-vs-geocoding-qual-escolher-para-validar-um-endereco\/\"><strong>Geocoding<\/strong><\/a>. Vamos ao exemplo de pesquisas que usam geocodigica\u00e7\u00e3o reversa que incluem Plus Codes. Os resultados dessas pesquisas trazem o valor &#8220;plus_code&#8221; e um valor &#8220;CASA&#8221; para a \u201clocation_type\u2019 da propriedade (tipo de localiza\u00e7\u00e3o) e s\u00e3o bem f\u00e1ceis de serem filtrados.<br \/><br \/>Suponha que um aplicativo de delivery ou site de e-commerce solicite que o usu\u00e1rio, no momento do check-out, insera um alfinete para determinar um local de entrega no Maps. Ele pode usar o Plus Code para este local se n\u00e3o houver um resultado pr\u00f3ximo com um endere\u00e7o tradicional.<\/p>\r\n\r\n\r\n\r\n<p>Esse c\u00f3digo tamb\u00e9m pode ser utilizado da mesma forma que as coordenadas de latitude e longitude s\u00e3o aplicadas das funcionalidades da Plataforma Google Maps, como inserir um endere\u00e7o de destino na barra de pesquisa do Place Autocomplete ou <a href=\"https:\/\/geoambiente.com.br\/blog\/planejamento-de-rotas-como-tornar-processo-logistico-eficiente\/\" target=\"_blank\" rel=\"noreferrer noopener\">solicitar uma rota<\/a> na Directions API.<br \/><br \/>Al\u00e9m disso, eles s\u00e3o f\u00e1ceis de soletrar ou de escrever\/digitar e podem ser inseridos em campos de endere\u00e7o de outras APIs da plataforma do Google Maps para fornecer um mecanismo de endere\u00e7amento consistente para a empresa. Assim, os Plus Codes permitem a qualquer neg\u00f3cio oferecer a qualquer usu\u00e1rio de qualquer parte do mundo a possibilidade de receber entregas e encomendas.<br \/><br \/>No fim das contas, esses c\u00f3digos s\u00e3o tratados pelos sistemas das <strong>companhias<\/strong> da mesma maneira que um endere\u00e7o tradicional gra\u00e7as \u00e0s APIs da Plataforma Google Maps. Os Plus Codes, sobretudo, ajudam a promover a inclus\u00e3o e acessibilidade, e ainda aumentam a capacidade das organiza\u00e7\u00f5es de expandirem suas opera\u00e7\u00f5es para qualquer localidade.<\/p>\r\n\r\n<p>&nbsp;<\/p>\r\n<p style=\"text-align: center\"><div class=\"gdlr-core-widget-box-shortcode \" style=\"color: #444444 ;background-color: #F3F3F3 ;\"  ><div class=\"gdlr-core-widget-box-shortcode-content\" ><p><img fetchpriority=\"high\" decoding=\"async\" class=\"aligncenter\" title=\"image-2\" src=\"https:\/\/geoambiente.com.br\/blog\/wp-content\/uploads\/elementor\/thumbs\/image-2-q9wapjvbag7b4iod4i3eqsh4f1qtcowsmrev6du9ds.png\" alt=\"image-2\" width=\"715\" height=\"72\" \/><\/p>\n<p><span style=\"font-weight: 400\">A <\/span><b>Geoambiente<\/b><span style=\"font-weight: 400\"> \u00e9 <\/span><b>parceira premier do Google Cloud<\/b><span style=\"font-weight: 400\"> e revendedora oficial do <\/span><b>Google Maps<\/b><span style=\"font-weight: 400\"> h\u00e1 mais de 10 anos. Oferecemos acesso \u00e0 plataforma de Maps (e a todas as APIs e funcionalidades) e tamb\u00e9m desenvolvemos solu\u00e7\u00f5es integradas e personalizadas a partir das APIs, auxiliando organiza\u00e7\u00f5es a transformarem seus neg\u00f3cios.<\/span><\/p>\n<p><span style=\"font-weight: 400\"><\/p>\n<\/div><\/div><\/span><\/p>\r\n<p style=\"text-align: center\"><span style=\"font-weight: 400\"><span class=\"gdlr-core-space-shortcode\" style=\"margin-top: 20px ;\"  ><\/span><a class=\"mks_button mks_button_medium rounded\" href=\"https:\/\/geoambiente.com.br\/blog\/google-maps-platform\/#contato-gmp\" target=\"_self\" style=\"color: #FFFFFF; background-color: #ff8c11;\" rel=\"nofollow\"><i class=\"fa fa-paper-plane\"><\/i>Fale com os nossos especialistas em Google Maps Platform<\/a><\/span><\/p>","protected":false},"excerpt":{"rendered":"<p>Cerca de um quarto da popula\u00e7\u00e3o mundial n\u00e3o possui um endere\u00e7o oficial. Sem ele, essas pessoas n\u00e3o conseguem fazer compras online e receb\u00ea-las em casa ou at\u00e9 mesmo n\u00e3o s\u00e3o capazes de informar sua localiza\u00e7\u00e3o com precis\u00e3o em situa\u00e7\u00f5es de emerg\u00eancia para receber ajuda dos bombeiros ou de uma ambul\u00e2ncia. Para solucionar esse problema comum, [&hellip;]<\/p>\n","protected":false},"author":13,"featured_media":8630,"parent":0,"menu_order":0,"comment_status":"closed","ping_status":"closed","template":"","meta":{"content-type":"","_joinchat":[],"footnotes":""},"class_list":["post-8629","page","type-page","status-publish","has-post-thumbnail","hentry"],"yoast_head":"<!-- This site is optimized with the Yoast SEO plugin v27.0 - https:\/\/yoast.com\/product\/yoast-seo-wordpress\/ -->\n<title>Plus Codes: tenha localiza\u00e7\u00f5es precisas mesmo sem o endere\u00e7o - Blog da GEO<\/title>\n<meta name=\"description\" content=\"Entenda como os Plus Codes podem ajudar a localizar qualquer endere\u00e7o e permitir que empresas de delivery cheguem \u00e0 porta dos consumidores\" \/>\n<meta name=\"robots\" content=\"index, follow, max-snippet:-1, max-image-preview:large, max-video-preview:-1\" \/>\n<link rel=\"canonical\" href=\"https:\/\/geoambiente.com.br\/blog\/plus-codes-como-usar-o-recurso-do-google-maps-que-permite-encontrar-uma-localizacao-precisa-sem-endereco\/\" \/>\n<meta property=\"og:locale\" content=\"pt_BR\" \/>\n<meta property=\"og:type\" content=\"article\" \/>\n<meta property=\"og:title\" content=\"Plus Codes: tenha localiza\u00e7\u00f5es precisas mesmo sem o endere\u00e7o - Blog da GEO\" \/>\n<meta property=\"og:description\" content=\"Entenda como os Plus Codes podem ajudar a localizar qualquer endere\u00e7o e permitir que empresas de delivery cheguem \u00e0 porta dos consumidores\" \/>\n<meta property=\"og:url\" content=\"https:\/\/geoambiente.com.br\/blog\/plus-codes-como-usar-o-recurso-do-google-maps-que-permite-encontrar-uma-localizacao-precisa-sem-endereco\/\" \/>\n<meta property=\"og:site_name\" content=\"Blog da GEO\" \/>\n<meta property=\"article:modified_time\" content=\"2025-01-08T15:18:36+00:00\" \/>\n<meta property=\"og:image\" content=\"https:\/\/geoambiente.com.br\/blog\/wp-content\/uploads\/2021\/06\/Plus-Codes.jpg\" \/>\n\t<meta property=\"og:image:width\" content=\"1300\" \/>\n\t<meta property=\"og:image:height\" content=\"736\" \/>\n\t<meta property=\"og:image:type\" content=\"image\/jpeg\" \/>\n<meta name=\"twitter:card\" content=\"summary_large_image\" \/>\n<meta name=\"twitter:label1\" content=\"Est. tempo de leitura\" \/>\n\t<meta name=\"twitter:data1\" content=\"5 minutos\" \/>\n<script type=\"application\/ld+json\" class=\"yoast-schema-graph\">{\"@context\":\"https:\/\/schema.org\",\"@graph\":[{\"@type\":\"WebPage\",\"@id\":\"https:\/\/geoambiente.com.br\/blog\/plus-codes-como-usar-o-recurso-do-google-maps-que-permite-encontrar-uma-localizacao-precisa-sem-endereco\/\",\"url\":\"https:\/\/geoambiente.com.br\/blog\/plus-codes-como-usar-o-recurso-do-google-maps-que-permite-encontrar-uma-localizacao-precisa-sem-endereco\/\",\"name\":\"Plus Codes: tenha localiza\u00e7\u00f5es precisas mesmo sem o endere\u00e7o - Blog da GEO\",\"isPartOf\":{\"@id\":\"https:\/\/geoambiente.com.br\/blog\/#website\"},\"primaryImageOfPage\":{\"@id\":\"https:\/\/geoambiente.com.br\/blog\/plus-codes-como-usar-o-recurso-do-google-maps-que-permite-encontrar-uma-localizacao-precisa-sem-endereco\/#primaryimage\"},\"image\":{\"@id\":\"https:\/\/geoambiente.com.br\/blog\/plus-codes-como-usar-o-recurso-do-google-maps-que-permite-encontrar-uma-localizacao-precisa-sem-endereco\/#primaryimage\"},\"thumbnailUrl\":\"https:\/\/geoambiente.com.br\/blog\/wp-content\/uploads\/2021\/06\/Plus-Codes.jpg\",\"datePublished\":\"2021-06-24T15:53:12+00:00\",\"dateModified\":\"2025-01-08T15:18:36+00:00\",\"description\":\"Entenda como os Plus Codes podem ajudar a localizar qualquer endere\u00e7o e permitir que empresas de delivery cheguem \u00e0 porta dos consumidores\",\"breadcrumb\":{\"@id\":\"https:\/\/geoambiente.com.br\/blog\/plus-codes-como-usar-o-recurso-do-google-maps-que-permite-encontrar-uma-localizacao-precisa-sem-endereco\/#breadcrumb\"},\"inLanguage\":\"pt-BR\",\"potentialAction\":[{\"@type\":\"ReadAction\",\"target\":[\"https:\/\/geoambiente.com.br\/blog\/plus-codes-como-usar-o-recurso-do-google-maps-que-permite-encontrar-uma-localizacao-precisa-sem-endereco\/\"]}]},{\"@type\":\"ImageObject\",\"inLanguage\":\"pt-BR\",\"@id\":\"https:\/\/geoambiente.com.br\/blog\/plus-codes-como-usar-o-recurso-do-google-maps-que-permite-encontrar-uma-localizacao-precisa-sem-endereco\/#primaryimage\",\"url\":\"https:\/\/geoambiente.com.br\/blog\/wp-content\/uploads\/2021\/06\/Plus-Codes.jpg\",\"contentUrl\":\"https:\/\/geoambiente.com.br\/blog\/wp-content\/uploads\/2021\/06\/Plus-Codes.jpg\",\"width\":1300,\"height\":736,\"caption\":\"Plus Codes\"},{\"@type\":\"BreadcrumbList\",\"@id\":\"https:\/\/geoambiente.com.br\/blog\/plus-codes-como-usar-o-recurso-do-google-maps-que-permite-encontrar-uma-localizacao-precisa-sem-endereco\/#breadcrumb\",\"itemListElement\":[{\"@type\":\"ListItem\",\"position\":1,\"name\":\"In\u00edcio\",\"item\":\"https:\/\/geoambiente.com.br\/blog\/\"},{\"@type\":\"ListItem\",\"position\":2,\"name\":\"Plus Codes: tenha localiza\u00e7\u00f5es precisas mesmo sem o endere\u00e7o\"}]},{\"@type\":\"WebSite\",\"@id\":\"https:\/\/geoambiente.com.br\/blog\/#website\",\"url\":\"https:\/\/geoambiente.com.br\/blog\/\",\"name\":\"Blog da GEO\",\"description\":\"Blog da GEO\",\"potentialAction\":[{\"@type\":\"SearchAction\",\"target\":{\"@type\":\"EntryPoint\",\"urlTemplate\":\"https:\/\/geoambiente.com.br\/blog\/?s={search_term_string}\"},\"query-input\":{\"@type\":\"PropertyValueSpecification\",\"valueRequired\":true,\"valueName\":\"search_term_string\"}}],\"inLanguage\":\"pt-BR\"}]}<\/script>\n<!-- \/ Yoast SEO plugin. -->","yoast_head_json":{"title":"Plus Codes: tenha localiza\u00e7\u00f5es precisas mesmo sem o endere\u00e7o - Blog da GEO","description":"Entenda como os Plus Codes podem ajudar a localizar qualquer endere\u00e7o e permitir que empresas de delivery cheguem \u00e0 porta dos consumidores","robots":{"index":"index","follow":"follow","max-snippet":"max-snippet:-1","max-image-preview":"max-image-preview:large","max-video-preview":"max-video-preview:-1"},"canonical":"https:\/\/geoambiente.com.br\/blog\/plus-codes-como-usar-o-recurso-do-google-maps-que-permite-encontrar-uma-localizacao-precisa-sem-endereco\/","og_locale":"pt_BR","og_type":"article","og_title":"Plus Codes: tenha localiza\u00e7\u00f5es precisas mesmo sem o endere\u00e7o - Blog da GEO","og_description":"Entenda como os Plus Codes podem ajudar a localizar qualquer endere\u00e7o e permitir que empresas de delivery cheguem \u00e0 porta dos consumidores","og_url":"https:\/\/geoambiente.com.br\/blog\/plus-codes-como-usar-o-recurso-do-google-maps-que-permite-encontrar-uma-localizacao-precisa-sem-endereco\/","og_site_name":"Blog da GEO","article_modified_time":"2025-01-08T15:18:36+00:00","og_image":[{"width":1300,"height":736,"url":"https:\/\/geoambiente.com.br\/blog\/wp-content\/uploads\/2021\/06\/Plus-Codes.jpg","type":"image\/jpeg"}],"twitter_card":"summary_large_image","twitter_misc":{"Est. tempo de leitura":"5 minutos"},"schema":{"@context":"https:\/\/schema.org","@graph":[{"@type":"WebPage","@id":"https:\/\/geoambiente.com.br\/blog\/plus-codes-como-usar-o-recurso-do-google-maps-que-permite-encontrar-uma-localizacao-precisa-sem-endereco\/","url":"https:\/\/geoambiente.com.br\/blog\/plus-codes-como-usar-o-recurso-do-google-maps-que-permite-encontrar-uma-localizacao-precisa-sem-endereco\/","name":"Plus Codes: tenha localiza\u00e7\u00f5es precisas mesmo sem o endere\u00e7o - Blog da GEO","isPartOf":{"@id":"https:\/\/geoambiente.com.br\/blog\/#website"},"primaryImageOfPage":{"@id":"https:\/\/geoambiente.com.br\/blog\/plus-codes-como-usar-o-recurso-do-google-maps-que-permite-encontrar-uma-localizacao-precisa-sem-endereco\/#primaryimage"},"image":{"@id":"https:\/\/geoambiente.com.br\/blog\/plus-codes-como-usar-o-recurso-do-google-maps-que-permite-encontrar-uma-localizacao-precisa-sem-endereco\/#primaryimage"},"thumbnailUrl":"https:\/\/geoambiente.com.br\/blog\/wp-content\/uploads\/2021\/06\/Plus-Codes.jpg","datePublished":"2021-06-24T15:53:12+00:00","dateModified":"2025-01-08T15:18:36+00:00","description":"Entenda como os Plus Codes podem ajudar a localizar qualquer endere\u00e7o e permitir que empresas de delivery cheguem \u00e0 porta dos consumidores","breadcrumb":{"@id":"https:\/\/geoambiente.com.br\/blog\/plus-codes-como-usar-o-recurso-do-google-maps-que-permite-encontrar-uma-localizacao-precisa-sem-endereco\/#breadcrumb"},"inLanguage":"pt-BR","potentialAction":[{"@type":"ReadAction","target":["https:\/\/geoambiente.com.br\/blog\/plus-codes-como-usar-o-recurso-do-google-maps-que-permite-encontrar-uma-localizacao-precisa-sem-endereco\/"]}]},{"@type":"ImageObject","inLanguage":"pt-BR","@id":"https:\/\/geoambiente.com.br\/blog\/plus-codes-como-usar-o-recurso-do-google-maps-que-permite-encontrar-uma-localizacao-precisa-sem-endereco\/#primaryimage","url":"https:\/\/geoambiente.com.br\/blog\/wp-content\/uploads\/2021\/06\/Plus-Codes.jpg","contentUrl":"https:\/\/geoambiente.com.br\/blog\/wp-content\/uploads\/2021\/06\/Plus-Codes.jpg","width":1300,"height":736,"caption":"Plus Codes"},{"@type":"BreadcrumbList","@id":"https:\/\/geoambiente.com.br\/blog\/plus-codes-como-usar-o-recurso-do-google-maps-que-permite-encontrar-uma-localizacao-precisa-sem-endereco\/#breadcrumb","itemListElement":[{"@type":"ListItem","position":1,"name":"In\u00edcio","item":"https:\/\/geoambiente.com.br\/blog\/"},{"@type":"ListItem","position":2,"name":"Plus Codes: tenha localiza\u00e7\u00f5es precisas mesmo sem o endere\u00e7o"}]},{"@type":"WebSite","@id":"https:\/\/geoambiente.com.br\/blog\/#website","url":"https:\/\/geoambiente.com.br\/blog\/","name":"Blog da GEO","description":"Blog da GEO","potentialAction":[{"@type":"SearchAction","target":{"@type":"EntryPoint","urlTemplate":"https:\/\/geoambiente.com.br\/blog\/?s={search_term_string}"},"query-input":{"@type":"PropertyValueSpecification","valueRequired":true,"valueName":"search_term_string"}}],"inLanguage":"pt-BR"}]}},"_links":{"self":[{"href":"https:\/\/geoambiente.com.br\/blog\/wp-json\/wp\/v2\/pages\/8629","targetHints":{"allow":["GET"]}}],"collection":[{"href":"https:\/\/geoambiente.com.br\/blog\/wp-json\/wp\/v2\/pages"}],"about":[{"href":"https:\/\/geoambiente.com.br\/blog\/wp-json\/wp\/v2\/types\/page"}],"author":[{"embeddable":true,"href":"https:\/\/geoambiente.com.br\/blog\/wp-json\/wp\/v2\/users\/13"}],"replies":[{"embeddable":true,"href":"https:\/\/geoambiente.com.br\/blog\/wp-json\/wp\/v2\/comments?post=8629"}],"version-history":[{"count":4,"href":"https:\/\/geoambiente.com.br\/blog\/wp-json\/wp\/v2\/pages\/8629\/revisions"}],"predecessor-version":[{"id":15352,"href":"https:\/\/geoambiente.com.br\/blog\/wp-json\/wp\/v2\/pages\/8629\/revisions\/15352"}],"wp:featuredmedia":[{"embeddable":true,"href":"https:\/\/geoambiente.com.br\/blog\/wp-json\/wp\/v2\/media\/8630"}],"wp:attachment":[{"href":"https:\/\/geoambiente.com.br\/blog\/wp-json\/wp\/v2\/media?parent=8629"}],"curies":[{"name":"wp","href":"https:\/\/api.w.org\/{rel}","templated":true}]}}